
Let q be (7 + 0)/(2/4). Let i(y) = 15 - 2*y + 8 + 6 + 11*y + 6*y. Is i(q) a composite number?
False
Let q = -64 + -680. Let g = q + 6383. Is g composite?
False
Let w = 8944 - 12752. Suppose 8388 = 10*c - 14*c. Let b = c - w. Is b a composite number?
True
Let b(s) be the first derivative of -3*s**2/2 + 6*s - 22. Let p be b(-6). Is (-358)/(2/p*4*-3) a composite number?
True
Suppose -4*d + 9*d + 5*w - 191900 = 0, d = 5*w + 38338. Is d a composite number?
True
Let y = -344619 + 601258. Is y a composite number?
False
Suppose -2 = -x, -4*v + 1426838 = 4*x - 497054. Is v a prime number?
False
Let d(o) = 11*o**2 - 32*o - 12. Suppose -100 = 4*l + 2*b, 5*b - 25 = l + 10*b. Is d(l) a composite number?
True
Let q be (-8)/20 + (2 - (-6206)/(-10)). Let p = 3033 + q. Let x = p - 1695. Is x composite?
False
Let u(q) = -3*q**3 + 3*q**2 + 3*q + 11. Let v be u(-3). Is 245432/v - (-1)/(-5) prime?
False
Let u(k) = -2*k**3 - 172*k**2 + 94*k + 1426. Is u(-114) a prime number?
False
Suppose -5*x + 275*w + 580551 = 279*w, -5*x + 580558 = -3*w. Is x a composite number?
True
Suppose 3*o = 2*k - 43654, 0 = 3*k - 5*k - 5*o + 43686. Is k a prime number?
False
Let b be -1 - (-44)/36 - 114/27. Let r(q) = -4 + 7 + 134*q**2 - 38*q**2 + 7*q + 6. Is r(b) a prime number?
False
Suppose 5*z - c = 4*c + 5, -4*z - 3*c = -25. Suppose z*t + 2*t = 2*t. Suppose t = 3*a - 6*a + 3783. Is a prime?
False
Let l(d) be the second derivative of 5*d**3/6 + 101*d**2/2 - 24*d + 1. Is l(20) prime?
False
Let c = 2081413 - 1444354. Is c a prime number?
False
Let i = -750789 + 1679284. Is i composite?
True
Let p(o) = -o**3 - o**2 + 1. Let l(k) = -1224*k**3 + 2*k**2 - 33*k + 30*k + k**2 - k**2. Let a(h) = -l(h) - p(h). Is a(1) a composite number?
True
Let p(o) = -2*o**3 - 14*o**2 - 2*o - 10. Let j be p(-7). Suppose -5*v + 10130 = 4*x, 4*v + 9*x - j*x - 8095 = 0. Is 12/(-8)*v/(-15) composite?
True
Let k be 64/(-21)*-6 - (-6)/(-21). Let r be 4/k + (-21)/(-27). Is (r - 2)/((-2658)/(-2661) - 1) composite?
False
Is (((-10)/125)/((-2)/5))/((-2)/(-2803630)) composite?
True
Suppose -6 = 2*j - 40. Let b = j - 12. Suppose 3*i + 85 = 3*a - 20, -b*i + 10 = 0. Is a a composite number?
False
Suppose -2*n - 25 = -5*q, -n - 8*q - 8 = -6*q. Let y(t) = -72*t**3 - 20*t**2 - 81*t - 15. Is y(n) prime?
False
Suppose 10 = m - 3*k, -m - k - 8 = -2*m. Let g(q) = -2*q + 12. Let a be g(m). Is a*((-651)/6 - 2) composite?
True
Let z be 3/(7/(-49)*-7). Suppose -z*f + 4071 = 5*a, -3*f + 116 = a - 3955. Is f composite?
True
Let c = -18680 + 89694. Is c a composite number?
True
Let j(f) = -18*f**3 - f**2 - 3*f - 1. Let w be j(-1). Suppose 8*d = w*d + 143. Let v(c) = -110*c - 33. Is v(d) composite?
True
Let f = 286 + -282. Is (-2)/(((-36)/873)/f) composite?
True
Suppose 4*o - 2 - 2 = 3*f, f = 2*o. Let n(q) be the second derivative of -43*q**3/2 + 11*q**2/2 - 6*q. Is n(f) composite?
True
Let b = 9206 - -717. Is b prime?
True
Let x be 1/(-2) + (-15)/(-6). Suppose -8*r + x - 2 = 0. Suppose r = -0*z + 2*z - 2518. Is z prime?
True
Suppose -10*i + 79440 = -6*i. Suppose 36*k - 24*k = i. Is k a prime number?
False
Suppose 7*x - 5*x - 33 = 5*c, c + 21 = 4*x. Is 2 - -81*(-3 + x) a prime number?
True
Suppose 0 = 5*o - 2391 - 2309. Let a = -317 + o. Is a prime?
False
Let j = -17729 - -32234. Is (j + (-6)/3)*(3 - 2) composite?
False
Suppose 44*v + 41 = 173. Let i(d) be the first derivative of 41*d**2/2 + 6*d + 1. Is i(v) a composite number?
True
Let t(z) = 126*z**3 + 3*z**2 - 3*z + 9. Let m be t(5). Let s = m + -11114. Is s a composite number?
True
Let j(a) = 244*a**3 - 3*a**2 + 3*a - 1. Let v be j(1). Let g = v - -128. Is g composite?
True
Suppose 0 = 50*x - 56*x + 11514. Let d be 3 + -5 + 1 + 3. Suppose -3*j = -d*q + 2973 + 877, -q + x = -3*j. Is q prime?
True
Suppose 6*m = 10*m + 3*m - 2958907. Is m a composite number?
False
Let l = 81 + -78. Suppose 3*j - l*c + 22 = -c, 0 = -4*j + 4*c - 28. Is -379*4*2/j composite?
False
Suppose 0 = -4*t + 12, -3*t - 17 = -d - 8*t. Suppose 2*w = 5*u + 4656, -5*w + d*u = -3*u - 11655. Is w a composite number?
False
Let q = 143227 - 27740. Is q prime?
False
Let f be (-2)/(-2) + -4 - 7. Is (-5)/(f/6)*(-14390)/(-6) a composite number?
True
Let u(j) be the third derivative of j**6/24 - 13*j**5/120 + 3*j**4/8 + 11*j**3/6 - 8*j**2. Let l(s) be the first derivative of u(s). Is l(8) a prime number?
False
Suppose 0 = -2*s - 95*z + 99*z + 648002, 3*s = 5*z + 971996. Is s a prime number?
True
Suppose -13*i + 60 = -8*i + 5*x, 4*x + 29 = 3*i. Let w be (6/4)/((-9)/(-336)). Let k = i + w. Is k composite?
False
Let n = 127911 + -80312. Is n a prime number?
True
Let u(i) = 81*i**2 - 16*i - 64. Suppose -60 = -7*a - 5*a. Suppose -d = a*x - 20, x + 4 = 3*d + 24. Is u(d) a composite number?
True
Let h = -66 - -73. Suppose -3248 - 1386 = -h*n. Is n composite?
True
Suppose 13 = d - 26. Let r be (d/1 + 3)/(-1). Is (0 - 2)*22827/r a prime number?
True
Let b = 527 + -2139. Let q = -335 - b. Is q a prime number?
True
Let z(x) = 191*x + 74. Is z(93) prime?
True
Suppose 11 = 4*t - 0*i + 3*i, t - 2*i = 11. Suppose 9022 = t*s - 1068. Suppose 3*n - 2065 - s = 0. Is n composite?
False
Suppose 2*t = -6, -2*q - 3*t - 226 = -1803. Is ((-1)/(-3))/(12/(-144)) + q prime?
False
Let y(c) = -2*c - 8. Let f be y(-16). Suppose -19*n = -23*n + f. Suppose n*q = 302 + 28. Is q composite?
True
Suppose 4*x = -18*x + 1851832 + 2242302. Is x composite?
False
Let j(s) = s**3 + 25*s**2 + 22*s - 46. Let k be j(-24). Let f be 8974 + (4 - 4)/k. Suppose 4*l - 11*l = -f. Is l a composite number?
True
Suppose -22*t + 153 = -45. Is (-8)/(-12) - (-18885)/t prime?
True
Suppose 7*v - 250 = -75. Suppose 4*t - v*t + 167937 = 0. Is t composite?
True
Let c(d) = -2*d**3 - 2*d**2 + 10*d - 43. Suppose 8*h + k + 14 = 7*h, -62 = 5*h + 3*k. Is c(h) composite?
False
Suppose -4*h - 7 = -23, -4*q - 4*h + 56 = 0. Suppose -q = -5*r, 6*n - r - 5467 = 3*n. Is n a composite number?
False
Let r = -103622 - -221965. Is r composite?
False
Suppose -16*u + 2*u + 95592 = 0. Suppose -3*f + u = -3*t, -f - 4*t = -0*f - 2251. Is f a prime number?
False
Suppose 3*n = 36 + 510. Let j = 696 + n. Is j a composite number?
True
Let l(g) = -109*g**3 - 6*g**2 - 70*g + 135. Is l(-8) a composite number?
True
Let y(s) = -117*s - 7. Let h(w) = -114*w - 7. Let k(c) = 3*h(c) - 2*y(c). Let a = -32 + 26. Is k(a) composite?
False
Is ((-494888)/(-20))/(-6 - 4/10*-16) prime?
True
Let o be -27 - (-2)/(-2 + 0). Let q = o + 31. Suppose -q*n - 2*c = 2*n - 3917, 4*c - 3124 = -4*n. Is n a prime number?
False
Let i = 82 - 143. Let g = 63 + i. Suppose -g*l + 8649 = 5*z - 6*l, -2*z + 3*l + 3454 = 0. Is z prime?
True
Suppose -57 = -3*y + 27. Let t(c) = c**3 - 22*c**2 - 12*c + 25. Is t(y) composite?
True
Let k(w) = -6*w**2 - w - 2. Let r be k(-1). Let b be 20/(-15)*(84/(-8))/r. Is -3 + (7 - 2) - (b + -123) composite?
False
Suppose -u = -5*w + 184750, 2*w + u + 31786 - 105679 = 0. Is w a prime number?
False
Let m(t) = 3*t**2 - 15*t - 2. Let f be m(3). Let c(y) = y**3 + 21*y**2 - 26*y + 23. Is c(f) a prime number?
False
Is (-32)/(-18) + -2 + -10 + (-2167403)/(-63) a prime number?
False
Suppose 40 = 16*z - 8*z. Suppose 1058 = 5*l + 3*q, z*q = -l + 3*l - 417. Is l prime?
True
Suppose 5*b - 19 = 36. Suppose 5*k - b*k - 84 = 0. Is ((-1531)/2)/(7/k) a composite number?
False
Suppose 0 = 4*a + 5*v - 60, -a + 0*a + 2*v = -2. Let u be a/55 + (-53)/(-11). Suppose -3*t + 2*w = -3293, 4560 = u*t + 3*w - 922. Is t a prime number?
True
Let g(x) = -30*x + 51605. Is g(0) a composite number?
True
Let w(b) = 241*b**2 + 723*b + 479. Is w(69) a composite number?
False
Suppose -235*q = -245*q + 582940. Is q composite?
True
Let t be (-3 + (1 - (-5 + 3)))/(-1). Suppose -3*s - 36 = 3*j, 0 = -s + 2 - t. Is 6/j - 374/(-7) composite?
False
Let i be 1220/50*1265/22. Suppose 5*m - 4*l = 2*m + 26, -2*m - 3*l = 11. Suppose 155 + i = m*j + 4*u, u - 3931 = -5*j. Is j a composite number?
False
Let h = -8109 + 4008. Let r(d) = 588*d - 14. Let b be r(11). Let n = h + b. Is n a prime number?
False
Suppose 5*l + 2*r = 127705, -25553 = -5*l + 4*l + 2*r. Suppose g = -f + 8525, -12*f + 17*f = 3*g - l. Is g a composite number?
False
Let j = -217 - -207. Is (1774/j)/(220/25 - 9) a prime number?
True
Is (8 - 1)*(5 + 20231/7) composite?
True
Is (36/(-30))/((-80)/10044200